 of p?
2
Let f = -3 + 9. List the prime factors of ((-8)/(-6) + 0)*f.
2
Suppose 2*c - 60 = -0*c. Suppose p = -7 + c. List the prime factors of p.
23
Let o = 0 + 1. Let z = o - -1. Suppose 10 = 4*r - z*r. What are the prime factors of r?
5
Suppose 4 + 6 = -2*w. List the prime factors of -2 - (w - 4/2).
5
Suppose -56 = -7*l + 3*l. List the prime factors of l.
2, 7
Let l(p) = -5*p + 5. Let v be l(-4). Suppose 5*a = -5*x - 0*x + v, 5*x + 3*a - 33 = 0. What are the prime factors of x?
3
Let b = -13 - -19. Suppose -2*i - 10 = 0, 4*i + 92 = -3*x - 0*i. List the prime factors of x/(-18)*b*1.
2
Suppose 5*g + 2*j + 7 = -1, 3*g + 2*j = -8. Suppose -2*r - 2*y + 98 = g, -5*r - 98 = 2*y - 334. List the prime factors of r.
2, 23
Suppose 0*y - 6 = -2*y. Let g = y + 28. Let f = g + -19. List the prime factors of f.
2, 3
Let d(r) = r + 4. Let z be d(-8). Let n be (62/z + 0)*4. Let p = -43 - n. What are the prime factors of p?
19
Let h(v) = -34*v - 3. What are the prime factors of h(-1)?
31
Let m(v) = 15*v - 1. Let a be m(1). Let h = 16 - a. What are the prime factors of h?
2
Let j(v) = v - 38. Suppose 3*r - f + 0 = 2, r + 2*f + 4 = 0. Let n be j(r). What are the prime factors of 5/(-15) + n/(-6)?
2, 3
Let p(m) = -9*m**3 - 3*m**2 + m - 3. Let w(l) = -17*l**3 - 5*l**2 + 2*l - 5. Let u(q) = 5*p(q) - 3*w(q). What are the prime factors of u(1)?
5
Suppose -p + 12*p - 297 = 0. List the prime factors of p.
3
Let n = 38 - 4. Suppose 0 = 2*h - 2*b + 32, h = -2*b - 14 - 14. Let z = h + n. List the prime factors of z.
2, 7
What are the prime factors of 8/(-5 + 3) + 65?
61
Suppose u - 4*v = -v + 31, -5*u + 5*v + 175 = 0. Let z = -19 + u. List the prime factors of z.
2, 3
Suppose 5*q - 48 = 4*q. Let n = q + -21. What are the prime factors of n?
3
Suppose 5*t - 8 = 3*t. Suppose -t*l = -6*l + 4. Suppose -4 - 8 = -l*x. What are the prime factors of x?
2, 3
Let o = 57 - 41. Suppose 3*j - 3*d + 23 = d, -4*j = -3*d + 26. List the prime factors of o/5*j/(-2).
2
Let m(v) = -v**3 + 11*v**2 + 4. Let y be m(11). Suppose 3*d - 48 = -y*w, 0 = w + 2*d - 11 - 6. List the prime factors of w.
3
Suppose -4*i = i - 35. Let r(d) = d**3 - 6*d**2 - 4*d - 1. What are the prime factors of r(i)?
2, 5
List the prime factors of 1*-1*(-1 - 3).
2
Suppose -5*n = -a - 18, -3*n + a + 0 = -10. Suppose 25 = -0*p - n*p + l, -40 = 4*p + 4*l. Let s = p - -14. What are the prime factors of s?
7
Suppose 4*c + 532 = 4*z, 212 = -4*z + c + 729. List the prime factors of z.
2
Let f = -2 + 5. Suppose -4*w = 5*p - 0*p - 68, 0 = -f*p - 12. Suppose v - 3*v + w = 0. List the prime factors of v.
11
Let z be -20*(2 - (-15)/(-4)). Let v = z - 19. What are the prime factors of v?
2
Suppose -565 = -11*q + 326. What are the prime factors of q?
3
Let j(l) = -l**3 + 10*l**2 - 8*l - 5. Let k = -6 + 7. Let i be 12 + (-3)/1*k. What are the prime factors of j(i)?
2
Let a be 14*((0 - 0) + 5). What are the prime factors of 1/3 - a/(-15)?
5
What are the prime factors of 2/(-3)*2562/(-14)?
2, 61
Let h = 7 - 0. What are the prime factors of h?
7
Let y = 48 - 30. List the prime factors of y.
2, 3
Suppose 4*w = 92 + 152. Suppose 203 = 5*g + 2*g. Suppose -3*j + h = -3*h - w, 4*h = -3*j + g. List the prime factors of j.
3, 5
Suppose 5*u - 87 = 23. Suppose -3*i + u = k, 3*i + 4 = 16. What are the prime factors of k?
2, 5
Let g = -30 - -17. Suppose -5*l - 3*b + 108 = 0, -25 = -2*l + 4*b + 13. Let n = g + l. What are the prime factors of n?
2
What are the prime factors of (2 - -29)/(0 - -1)?
31
Let d = 150 + -100. List the prime factors of d.
2, 5
Let i(j) = 2*j - 2. Let f be i(3). Suppose 4 = -2*u + f*u. Suppose v - 6 = -u*v. What are the prime factors of v?
2
What are the prime factors of (-355)/(-20)*2*6?
3, 71
Let v = 4 + -3. Suppose 3*o - 19 + v = 0. What are the prime factors of o?
2, 3
Let x = -16 - 7. Let c = x + 32. Suppose 0 = g - 4*g + c. What are the prime factors of g?
3
Let x(n) = 2*n**2 + 4*n. Let b be x(-3). Suppose -3*o - 5*c = -81, b*o = 4*o + c + 41. What are the prime factors of o?
2, 11
Suppose -u + 45 = 4*u + 2*h, -4*u = -3*h - 13. Let r = 2 + u. List the prime factors of (-83)/(-9) - 2/r.
3
Let p be 1/(-2) + 3/(-6). Let d be -1 - 0/(-2) - p. Let q(y) = -y + 15. What are the prime factors of q(d)?
3, 5
Let i be -3 + -1 + 1 + 2. Suppose -r + 2*y - 10 = 0, -2*y = -3*r + y - 15. What are the prime factors of (i - -10) + (r - 0)?
3
Suppose -u + 2*u = 0. Suppose -5*h = 5 - u. Let m = 5 + h. What are the prime factors of m?
2
Suppose -2*w + t = -319, -4*w - 4*t = -2*w - 324. List the prime factors of w.
2, 5
Let i(v) = v**2 + 11*v + 27. What are the prime factors of i(-9)?
3
Let m = -8 + 6. Let u be ((-2)/m)/(-1 - 0). List the prime factors of -2 + 1*14 + u.
11
Let s(g) be the second derivative of g**5/20 - 7*g**4/12 + 7*g**3/6 + 5*g**2/2 - 5*g. Let b = -16 + 22. List the prime factors of s(b).
11
Let l(g) = 4*g**3 - 3*g**2 + g - 1. Let i(h) = -7*h**3 + 5*h**2 - 2*h + 1. Let c(j) = 3*i(j) + 5*l(j). List the prime factors of c(-2).
2
Let n(m) = 3*m**2 + 6*m + 6. Let d be n(-4). Suppose 9*x - 4*x = -d. List the prime factors of ((-3)/2)/(3/x).
3
Let r = 6 - 1. Suppose 36 = 3*p - 3*q - 21, 0 = 3*p - r*q - 49. List the prime factors of p.
23
Suppose -x = 4 - 0, -5*s + 3*x = -27. Suppose 0 = -f + 5 - s. List the prime factors of f.
2
Suppose -4*n = -2*n + 8. Let c = n - -27. Let y = c - 13. What are the prime factors of y?
2, 5
Suppose -3*y = -y - 104. Suppose -4*l + y = 8. List the prime factors of l.
11
Suppose 0 = 4*f + 2*n - 452, -4*f - 4*n + 113 = -3*f. What are the prime factors of f?
113
Let t(a) = -33*a - 58. List the prime factors of t(-8).
2, 103
Let g = 2 + 0. Suppose -g*u - 3 = -11. Suppose -2*y + 8 = 5*j, j = -u*y + 4*j + 42. What are the prime factors of y?
3
Suppose 4*a - 1 = 2*m - 25, 5*a = -3*m - 19. Suppose 0 = 5*w - 15, -2*w = m*y - 4*w. Suppose -y*q + 21 = -0*q. What are the prime factors of q?
7
Let k(r) = -r**2 - 2*r + 5. Let c be k(-4). What are the prime factors of c/(39/21 + -2)?
3, 7
Let x = 146 + -32. What are the prime factors of x?
2, 3, 19
Suppose -15*s = -10*s - 820. List the prime factors of s.
2, 41
Suppose -117 = -3*r - 9. What are the prime factors of r?
2, 3
Let n(z) = 2*z - z**3 + 2*z**3 + 2*z**2 - 2*z**3 - 1. Suppose 3*r = -5*i + 11, -4*i = 2*r + 2*r - 12. List the prime factors of n(r).
3
Suppose -4*h - 3 = -79. List the prime factors of h.
19
Let c = -42 - -80. Suppose -3*b + c = -1. List the prime factors of b.
13
Let l(i) = -i - 9. Let g be l(-9). Suppose -5*t - 3*n + 12 = g, 4*t + 5*n - 5 - 2 = 0. What are the prime factors of t?
3
Let h = -17 - -17. Suppose h*x = -2*x + 6. List the prime factors of x.
3
Let x = -3 + 7. Suppose -o = x*o. What are the prime factors of (-1 - o)*1*-10?
2, 5
Suppose 4*l - 20 = 4*v, -2*l - v + 11 = -4*v. Suppose 2*a - l*c = 44, 3*a - 3*c = 5*a - 44. What are the prime factors of a?
2, 11
Let p(w) = w**3 - 8*w**2 + 5*w + 14. Let h be p(7). List the prime factors of (-22)/(-33)*(h - -21).
2, 7
Let k(r) = -r**3 + 7*r**2 - 5*r - 4. Let g be k(6). Suppose 0 = 3*j + g*j - 70. What are the prime factors of j?
2, 7
Let x(b) = 2*b**2 - 2*b - 1. Let t be x(-5). Suppose 0*m = -5*m + 95. Suppose j = c + m, -3*j + 4*c + c = -t. List the prime factors of j.
2, 3
Let k = -16 - -88. Suppose -3*d + k = d. Let a = -11 + d. What are the prime factors of a?
7
Suppose 4*p = 3*p - 3*i - 22, -2*p = -3*i + 17. Let f = p - -23. What are the prime factors of f?
2, 5
Suppose -13 = -5*m + 12. Let w(u) = u - 2. Let n be w(5). Suppose -n*h - 14 = -m*h. What are the prime factors of h?
7
Let n(d) = -d**3 - 6*d**2 - 7*d + 4. Let s be n(-4). What are the prime factors of 49 - s - 1/(-1)?
2, 5
Let w(j) = -6*j - 34 + 34. Let r be w(-1). Let q = 14 - r. What are the prime factors of q?
2
Suppose -1 = o - 3, -2*o = -f + 14. What are the prime factors of f?
2, 3
Let h(d) = 2*d + 3. Let v(o) = -4*o - 7. Let n(j) = -5*h(j) - 2*v(j). Let q be n(-7). Suppose 12 = 5*g - q, 0 = 4*z - 2*g - 18. What are the prime factors of z?
7
Let a be -1 - (-12)/3 - -32. Let n = -19 + a. What are the prime factors of n?
2
Suppose a + 45 = j - 5*j, 5*a + 45 = -5*j. Let s = -23 - j. Let t = -7 - s. What are the prime factors of t?
2
What are the prime factors of 3 - (4 - 1) - -34?
2, 17
Let p = -5 - -29. List the prime